f (5 - 17) + (-4 - -10) + 31 + 11?
36
812 + -778 - (2 - -43)
-11
Calculate -2 + -2 + 58 + -54 + 3 + -2 - 10.
-9
Evaluate (-15 - (-13 + 26)) + 0 + 0.
-28
59 + (-31 - -11) + -14 + 14
39
What is -18 + 3 + -3 + 1 + (0 - (-15 - -22))?
-24
Evaluate -48 + (0 - (14 + -31)) + (1 - 3).
-33
What is the value of (-20 - (-34 - -33)) + (6 - 0) - (1 - 1)?
-13
What is the value of -6 + 42 + -3 + -13 + 3 + 1?
24
Calculate 2 - 10 - (-2 - (25 + (15 - 2) + -20)).
12
Evaluate 11 - (6 + -8 + 4 + (56 - 34)) - -95.
82
What is the value of (55 - 50) + (-3 - (-13 - (3 - 4)))?
14
Calculate -61 - (-52 + (-4 - -38)).
-43
Evaluate -13 - (-1 + -1 - 13 - (-3 + 158 + -25)).
132
What is the value of (-62 - 11) + 24 - -58?
9
46 - (25 - (41 - 5) - -43)
14
Evaluate -924 - -909 - (-7 + 4 + 0 + 48).
-60
Calculate -12 - -44 - 12 - 112.
-92
-10 + (81 - -87) - 84
74
51 + (-37 + 31 - (16 + -1))
30
What is the value of (-4 - (20 + -10 - 135)) + -16 + 12?
117
What is -41 + -46 + 3 + (13 - 63)?
-134
2 + -12 + -84 + (39 - -9)
-46
19 + 7 + -32 + 17 - 21
-10
What is the value of (-10 - 14 - -129 - (7 + -7 + 3)) + -11?
91
What is the value of 24 + -13 + -5 + -1 + 0 + (0 - 33)?
-28
Evaluate 699 + -722 + (62 - 1).
38
Evaluate 2 + (30 - -11) + (12 - -9) + -23 + 8.
49
What is 29 - -13 - (-16 - -7 - -14)?
37
What is the value of (25 - 38) + 84 - 61?
10
Calculate -44 - (-147 - (-37 - (1 - 81))).
146
What is the value of (-6 - -1) + (-111 - (-124 - -13) - (0 - 2))?
-3
Evaluate 6 - (40 + -29 - ((-68 - 4) + 8)).
-69
What is the value of (-16 + 40 - 96) + 16 + 8 + 0 + 3?
-45
Evaluate (-10 - -14 - (1 - -4)) + -15 + -14.
-30
(-73 - 0) + (-7 - (-10 - (-41 - -14)))
-97
What is (-97 - (59 - 125)) + 2?
-29
Calculate 23 - ((-12 - -3) + (30 - 3)).
5
What is the value of 34 + 41 + -91 - -92?
76
What is the value of 24 + -10 + -59 + (-55 - -49) + (2 - 1)?
-50
-34 + 42 + -20 + 6 + -33
-39
Calculate 6 + (-8 - 1 - 10 - 0 - 10).
-23
What is the value of -7 + 27 + (-146 - -98)?
-28
Calculate 41 - (-2 + (24 - 33) + -5) - (6 + -3).
54
Calculate (111 - 112) + 43 + -5.
37
Calculate (7 - (8 + -5)) + 5 + -1 + 13.
21
Evaluate 0 + -6 + 7 + (7 - (-2 - 2)).
12
What is the value of (99 - (183 + -97)) + (-1 - 69)?
-57
Calculate 76 + (1 + 24 - 59).
42
What is the value of 2 + 79 - ((6 - 45) + 80 + -33)?
73
Evaluate (83 - (-14 - -113)) + 1 + 27.
12
Evaluate -9 - (36 + -8 - 66).
29
What is 3 + 1 - (-15 - (-108 + 1 + -26))?
-114
Evaluate -105 - ((-192 - -109) + 83).
-105
Calculate -82 + (-5 + 7 - (-1 + -11) - 8).
-76
Evaluate (7 - (3 - -2) - -3) + 363 + -481.
-113
What is 3 + 19 - (-11 - (120 + -44))?
109
Calculate -86 + (31 - 2 - (187 - 174)).
-70
What is 65 - ((7 - -58) + 33)?
-33
(-17 - -2) + 21 + -23 + -13 + 25 + -37
-42
Calculate -20 + -1 - (14 + -55 + 21).
-1
Calculate -138 + 46 + 18 - (6 - (-2 + 4 - 0)).
-78
Calculate (9 + -4 - (44 + -25)) + 3 + 57.
46
What is 2 - (1 - 19 - (-43 + 18))?
-5
What is (4 + -54 - (-265 - -272)) + 1 + -13?
-69
What is the value of -3 + -46 - 1 - (-47 + (73 - 28))?
-48
What is -11 - ((10 - (3 + -1 + -10 + 19)) + 23)?
-33
Calculate 7 + 71 + (38 - (102 + -58)).
72
-41 + 23 + 45 + -13 + -18
-4
Evaluate 85 - 2 - (15 - 7) - (-103 + 122).
56
Evaluate 6 - (28 - (11 - (-1 - 2))).
-8
Calculate -7 - ((-7 + 0 - 8) + -4) - (78 + 4).
-70
Evaluate -47 + 31 - 28 - (7 - 36).
-15
Calculate 10 + (10 - (27 + 17 + -13)).
-11
What is the value of (99 - 82) + (55 - 17)?
55
Calculate -4646 + 4639 + (-108 - 0).
-115
Calculate (-16 - (4 + 10 - 10 - 27)) + -13 - 50.
-56
What is the value of 9 + -184 + (34 - 57 - -65)?
-133
Calculate (-16 - -3) + -18 - -77.
46
What is (6 - 0) + -13 + -15 + (20 - (4 - -3))?
-9
What is 65 - ((383 - 363) + 0 + 7)?
38
What is 2 + (-2 - 48) + 215 + -212 - 11 - -7?
-49
What is -4 + -55 - (82 + -37 + -68 - -46)?
-82
What is (-104 - (3 - 34)) + 123?
50
What is -56 + (48 - 36) + 37?
-7
What is (20 - (4 - -47)) + (-4 - -1) - (-24 - -28)?
-38
Evaluate -18 - (-29 - 0) - 42 - -9.
-22
-14 - (15 - (16 + 11)) - (-47 + 1)
44
Evaluate 9 + (-21 - (7 - 22)) - 16 - -85.
72
Evaluate -7 - 2 - (-39 + 15 + 11 + 40 + -3).
-33
What is (-1476 - -1441) + 41 + 2?
8
What is 52 - 48 - (11 + (6 - 12) + -3 + -3)?
5
Evaluate -2 + -26 + 30 + -43.
-41
37 + -47 + 23 + -65 + -6
-58
What is the value of (-12 - 17) + 21 - (-1 + -24 - 0)?
17
Calculate 59 + -6 + (-37 - (-40 + 17)).
39
What is the value of 11 + (-13 - (-2 - -30) - -18)?
-12
What is the value of 37 - (-41 - (-45 - -1))?
34
(-20 - -9) + 18 + (21 + (3 - 3) - 1)
27
Evaluate -9 + -33 + 15 - -30.
3
-82 - (-5 - (24 - -10))
-43
Calculate 11 + (11 - -15) + -10 + 1.
28
39 + 68 + -40 + -38
29
-7 + 1 + (-3 - -34) + (-40 - (4 - 60))
41
What is -92 - (-129 - (-97 - -17))?
-43
What is the value of ((-2 - (12 + -2 - -29)) + 6 - -7) + -1?
-29
Calculate (8 - 44) + 2 - (3 - -5 - (6 + 12)).
-24
What is the value of (-23 - -57) + -54 - -15?
-5
Evaluate (17 - 34) + 27 + -19 - -8.
-1
What is the value of (-42 - (-56 - (-22 - 7))) + 22 - (-114 + 0)?
121
32 + (-1 - -8) + (-4 - (10 + -1 - 1))
27
What is -84 - (9 + (11 + -30 - -2) - (-1 - 4))?
-81
What is ((3 - 4) + 111 - -1) + 20 + -62 + 36?
105
What is 125 + (-96 + 142 - 116)?
55
Calculate 15 + ((13 - (87 + -11)) + -17 - 24).
-89
-17 - ((-11 - (-3 + -22 - -36)) + 102)
-97
Calculate 0 - -29 - (-61 + 24 + 199).
-133
What is the value of -28 - (16 + (-38 - (0 + -19)))?
-25
What is the value of 59 + (142 - 145 - (2 - 3 - 16))?
73
Evaluate (1 - (-32 + 0 - 4)) + (-3 - 3) + 9.
40
What is the value of 0 + (1 - ((-32 - -28) + 4 + -1) - -9)?
11
Evaluate -16 + -27 + 4 + 17 + -1 + (0 - -10).
-13
What is the value of 1 - (-55 - (4 + -8)) - (-11 - -9) - -2?
56
Evaluate (131 - 135) + (49 - (-1 - 5)).
51
Evaluate 1 + -1 + 4 + -38 + 21 + -7.
-20
Evaluate 644 - 437 - (91 - 20).
136
What is 4 + 82 + 0 + -1 + 33 + -41?
77
What is 24 - ((1 - -16 - 11) + -53)?
71
(73 - (1 + -1 - 2)) + (403 - 416)
62
What is 90 - (69 + -136 - -117)?
40
-30 + (10 - 10) - (-25 - -47)
-52
-5 + -62 - (-689 + 528)
94
Evaluate 1344 + -1288 - (-2 + 3 - -32).
23
What is 78 + -80 - (-48 - -18)?
28
Calculate -3 + 2 + (50 - 52) + -7 + 103 + -14.
79
Calculate -8 - (-73 + 54 + 8 + -3 - -84).
-78
Calculate 0 - 64 - (1228 - 1245).
-47
What is the value of (-7 - -1) + -6 + -2 - (-245 - -256)?
-25
What is the value of -8 + -59 + 0 + (-26 - -15 - (0 + 1))?
-79
What is the value of (4 - (55 + -48) - (1 - 2 - 7)) + -46?
-41
22 + 83 + -18 - (40 + -23)
70
What is -1 + 8 + (91 - (136 + -38))?
0
Evaluate -32 + (16 - (-23 - (2 - 50))).
-41
What is the value of -19 + 3 - ((213 - 57) + -209)?
37
-7 - (50 + (-1 - 8) - (-3 + 2))
-49
Evaluate 87 + -31 + -10 - (-1 - -1 - (-2 - -6)).
50
(-3 - (10 + -40)) + -79
-52
Evaluate (0 - (8 + -18)) + -13 - (1 + 37).
-41
What is 1 - 29 - (-52 - (-10 - 24))?
-10
What is the value of 52 + -37 + 142 + -243?
-86
-9618 - -9615 - (0 + 4)
-7
Evaluate -39 + -41 + -35 + 65.
-50
Evaluate 22 - (-8 - -10) - (97 + -112).
35
What is the value of 11 + (68 + -24 - 6)?
49
What is (-6 - -47) + -61 + (132 - 43)?
69
Calculate (-50 - 14 - -122) + -55 - (0 - -99).
-96
Evaluate 320 - (159 - -126) - (4 + 1).
30
Evaluate -18 + -1 + 5 + 20 + 25.
31
What is (138 - 81) + -49 + 2?
10
What is the value of (1 - -44) + (-668 - -654)?
31
Calculate -60 - (28 + -26 + 4).
-66
Evaluate 36 + (-72 - -28) - (0 + -44 + 0).
36
What is the value of -16 - (22 - (23 - 17 - -5))?
-27
7 + (5 - 9) - (10 + (-9 - 2) - -13)
-9
What is the value of 0 - -37 - (-28 - 21 - -55 - (8 + -1))?
38
(94 + -102 - (0 + -10)) + -14 + -34 + 118
72
What is (-115 - -36) + 52 - ((7 - -2) + (1 - 2))?
-35
(121 - (-109 + 217)) + -11
2
What is the value of 12 - -3 - (-10 - 1 - (39 + (-14 - 36)))?
15
What is 215 + -284 + (5 - 2)?
-66
Evaluate -45 + (29 + 25 - -20).
29
Calculate -47 - (1 + 0) - (989 - 992) - -1.
-44
What is the value of 1 + 1 + -67 - -29 - -36?
0
Calculate 11 - (18 + -17 + 0 - -22).
-12
(-45 - -101) + -56 - (0 + -71 + -3)
74
What is (55 - (-27 + 76)) + 1?
7
(-35 - -5) + -14 + 0
-44
Evaluate 2 + -6 + (52 - -18) + -52 + -101.
-87
-7 - ((7 - -1) + (-31 - -39 - 58))
35
Evaluate -1 + -6 + (49 - 20).
22
90 - (81 + 118 + -86)
-23
Calculate 125 - (-63 + 120) - -29.
97
52 - ((-24 - -15 - -13) + -10 - -9)
49
Calculate -52 + -49 + 92 + -31.
-40
(20 - (-4 - -46)) + 52 + -2
28
Evaluate -73 - (18 + -30 + -1 + 3 + -2) - -11.
-50
104 - 95 - (